mainder when 359799 is divided by 140.
139
Calculate the remainder when 106318 is divided by 38.
32
Calculate the remainder when 30126 is divided by 7474.
230
Calculate the remainder when 42305 is divided by 481.
458
What is the remainder when 5455 is divided by 1817?
4
What is the remainder when 88055 is divided by 12571?
58
What is the remainder when 25042 is divided by 534?
478
Calculate the remainder when 44083 is divided by 6296.
11
What is the remainder when 543 is divided by 297?
246
What is the remainder when 497787 is divided by 165926?
9
Calculate the remainder when 386188 is divided by 6.
4
Calculate the remainder when 566696 is divided by 560.
536
What is the remainder when 82218 is divided by 143?
136
What is the remainder when 450961 is divided by 43?
20
What is the remainder when 250949 is divided by 11?
6
Calculate the remainder when 599871 is divided by 721.
720
Calculate the remainder when 1754888 is divided by 1534.
1526
What is the remainder when 36968 is divided by 190?
108
Calculate the remainder when 393560 is divided by 1757.
1749
Calculate the remainder when 2709 is divided by 10.
9
Calculate the remainder when 1770 is divided by 15.
0
Calculate the remainder when 445774 is divided by 37.
35
Calculate the remainder when 47971 is divided by 322.
315
What is the remainder when 16348 is divided by 16?
12
What is the remainder when 855495 is divided by 145?
140
Calculate the remainder when 48180 is divided by 24065.
50
Calculate the remainder when 98903 is divided by 70.
63
What is the remainder when 9712 is divided by 531?
154
What is the remainder when 4124 is divided by 243?
236
Calculate the remainder when 318766 is divided by 232.
230
Calculate the remainder when 4195 is divided by 807.
160
What is the remainder when 7810 is divided by 2534?
208
Calculate the remainder when 569759 is divided by 76.
63
Calculate the remainder when 8488 is divided by 15.
13
Calculate the remainder when 9418 is divided by 76.
70
Calculate the remainder when 22517 is divided by 314.
223
What is the remainder when 15453 is divided by 575?
503
What is the remainder when 49636 is divided by 163?
84
What is the remainder when 18904 is divided by 515?
364
What is the remainder when 1100832 is divided by 15?
12
What is the remainder when 1251 is divided by 19?
16
Calculate the remainder when 284028 is divided by 176.
140
What is the remainder when 4415 is divided by 443?
428
What is the remainder when 136581 is divided by 45518?
27
What is the remainder when 5218 is divided by 187?
169
Calculate the remainder when 8445 is divided by 2807.
24
Calculate the remainder when 7342 is divided by 64.
46
What is the remainder when 63136 is divided by 803?
502
Calculate the remainder when 1635 is divided by 181.
6
What is the remainder when 42045 is divided by 12?
9
Calculate the remainder when 219876 is divided by 78.
72
What is the remainder when 266087 is divided by 88688?
23
What is the remainder when 601053 is divided by 29?
28
Calculate the remainder when 5761 is divided by 5730.
31
What is the remainder when 3136 is divided by 1515?
106
Calculate the remainder when 37906 is divided by 324.
322
Calculate the remainder when 6559 is divided by 501.
46
Calculate the remainder when 18653 is divided by 44.
41
Calculate the remainder when 2820812 is divided by 470134.
8
Calculate the remainder when 811837 is divided by 405904.
29
Calculate the remainder when 43845 is divided by 18.
15
What is the remainder when 118116 is divided by 50?
16
What is the remainder when 26224 is divided by 226?
8
Calculate the remainder when 148150 is divided by 752.
6
What is the remainder when 9162 is divided by 49?
48
Calculate the remainder when 57389 is divided by 5213.
46
Calculate the remainder when 2649292 is divided by 27.
25
What is the remainder when 6301 is divided by 77?
64
What is the remainder when 13991 is divided by 143?
120
Calculate the remainder when 1732 is divided by 237.
73
What is the remainder when 23312 is divided by 178?
172
What is the remainder when 21124 is divided by 3010?
54
Calculate the remainder when 361988 is divided by 208.
68
What is the remainder when 711413 is divided by 5?
3
Calculate the remainder when 60134 is divided by 514.
510
What is the remainder when 177928 is divided by 22240?
8
Calculate the remainder when 14904 is divided by 108.
0
Calculate the remainder when 2925 is divided by 84.
69
Calculate the remainder when 2264432 is divided by 174.
170
What is the remainder when 20253 is divided by 440?
13
What is the remainder when 20231 is divided by 2515?
111
What is the remainder when 170501 is divided by 679?
72
What is the remainder when 2710 is divided by 252?
190
Calculate the remainder when 5995022 is divided by 112.
110
What is the remainder when 1581985 is divided by 269?
265
What is the remainder when 16771 is divided by 323?
298
What is the remainder when 2454 is divided by 94?
10
Calculate the remainder when 9061 is divided by 172.
117
Calculate the remainder when 690815 is divided by 112.
111
What is the remainder when 2957 is divided by 1397?
163
What is the remainder when 79736 is divided by 448?
440
Calculate the remainder when 6290 is divided by 4667.
1623
Calculate the remainder when 53974 is divided by 53958.
16
What is the remainder when 439 is divided by 24?
7
What is the remainder when 1911 is divided by 67?
35
What is the remainder when 7632 is divided by 10?
2
Calculate the remainder when 178 is divided by 132.
46
What is the remainder when 123819 is divided by 1168?
11
What is the remainder when 1541275 is divided by 513756?
7
What is the remainder when 565 is divided by 550?
15
What is the remainder when 20569 is divided by 84?
73
What is the remainder when 1683 is divided by 511?
150
What is the remainder when 31892 is divided by 31881?
11
What is the remainder when 79897 is divided by 2755?
2
Calculate the remainder when 109766 is divided by 11.
8
What is the remainder when 185357 is divided by 40?
37
What is the remainder when 5876 is divided by 133?
24
What is the remainder when 96691 is divided by 153?
148
Calculate the remainder when 6776434 is divided by 283.
282
Calculate the remainder when 31302 is divided by 288.
198
Calculate the remainder when 425388 is divided by 141796.
0
Calculate the remainder when 8918 is divided by 105.
98
Calculate the remainder when 6347 is divided by 545.
352
What is the remainder when 1367 is divided by 36?
35
Calculate the remainder when 1546 is divided by 343.
174
Calculate the remainder when 204902 is divided by 18.
8
What is the remainder when 1964 is divided by 435?
224
What is the remainder when 67917 is divided by 24?
21
Calculate the remainder when 6136 is divided by 2019.
79
Calculate the remainder when 33321 is divided by 1008.
57
What is the remainder when 77652 is divided by 19?
18
What is the remainder when 6660 is divided by 6660?
0
Calculate the remainder when 5194 is divided by 112.
42
What is the remainder when 85229 is divided by 112?
109
What is the remainder when 6536 is divided by 672?
488
What is the remainder when 4272 is divided by 4254?
18
What is the remainder when 10115 is divided by 54?
17
What is the remainder when 25633 is divided by 185?
103
What is the remainder when 57759 is divided by 2221?
13
Calculate the remainder when 234562 is divided by 74.
56
Calculate the remainder when 2754 is divided by 483.
339
What is the remainder when 492037 is divided by 93?
67
Calculate the remainder when 991491 is divided by 44.
39
Calculate the remainder when 25477 is divided by 530.
37
Calculate the remainder when 3678 is divided by 37.
15
What is the remainder when 3119191 is divided by 643?
641
Calculate the remainder when 103155 is divided by 51476.
203
What is the remainder when 599379 is divided by 46?
45
Calculate the remainder when 20488 is divided by 316.
264
What is the remainder when 1824 is divided by 1389?
435
Calculate the remainder when 388207 is divided by 214.
11
Calculate the remainder when 38339 is divided by 68.
55
Calculate the remainder when 17664 is divided by 39.
36
What is the remainder when 2384 is divided by 183?
5
Calculate the remainder when 7286 is divided by 31.
1
What is the remainder when 25422 is divided by 254